1?
9
Convert 2 (base 6) to base 5.
2
What is -c (base 16) in base 10?
-12
-16 (base 8) to base 7
-20
What is -39 (base 15) in base 8?
-66
Convert 0 (base 6) to base 10.
0
What is -1 (base 14) in base 13?
-1
1 (base 12) to base 15
1
What is 5 (base 10) in base 14?
5
Convert -200 (base 3) to base 7.
-24
4 (base 8) to base 11
4
What is -2 (base 16) in base 6?
-2
Convert -a (base 16) to base 9.
-11
What is 98 (base 11) in base 2?
1101011
What is -8 (base 14) in base 7?
-11
What is 0 (base 8) in base 7?
0
Convert -100 (base 2) to base 7.
-4
5 (base 10) to base 5
10
What is -253 (base 10) in base 5?
-2003
Convert 34 (base 12) to base 13.
31
100 (base 9) to base 16
51
82 (base 14) to base 13
8a
3 (base 11) to base 7
3
-12 (base 4) to base 7
-6
110101 (base 2) to base 8
65
Convert 2 (base 10) to base 16.
2
Convert -3a (base 12) to base 15.
-31
34 (base 10) to base 9
37
What is -100100 (base 2) in base 11?
-33
What is 135 (base 10) in base 6?
343
Convert -32 (base 9) to base 4.
-131
Convert 37 (base 14) to base 16.
31
2 (base 14) to base 16
2
Convert -2 (base 15) to base 4.
-2
What is -344 (base 7) in base 10?
-179
What is 33 (base 4) in base 3?
120
Convert -1010 (base 2) to base 3.
-101
11 (base 2) to base 12
3
Convert 2 (base 9) to base 2.
10
-44 (base 13) to base 15
-3b
Convert -9 (base 12) to base 15.
-9
What is 1 (base 9) in base 6?
1
What is -8 (base 10) in base 16?
-8
What is -2 (base 6) in base 3?
-2
-10 (base 2) to base 12
-2
What is 2 (base 16) in base 8?
2
Convert -17 (base 11) to base 12.
-16
Convert 55 (base 11) to base 8.
74
Convert 2 (base 15) to base 9.
2
Convert 5 (base 10) to base 8.
5
What is 20 (base 3) in base 15?
6
-25 (base 10) to base 5
-100
What is -2 (base 13) in base 7?
-2
What is -9 (base 13) in base 10?
-9
102 (base 3) to base 11
10
Convert 40 (base 15) to base 14.
44
Convert -2 (base 5) to base 10.
-2
Convert 3 (base 5) to base 8.
3
Convert 2 (base 9) to base 14.
2
Convert 22 (base 3) to base 9.
8
-3 (base 16) to base 14
-3
What is -8 (base 16) in base 5?
-13
-30 (base 11) to base 6
-53
What is 275 (base 8) in base 7?
360
-2 (base 7) to base 3
-2
1 (base 14) to base 9
1
6 (base 14) to base 4
12
What is -11111 (base 2) in base 13?
-25
What is 4a (base 12) in base 6?
134
72 (base 10) to base 15
4c
-2 (base 8) to base 9
-2
26 (base 7) to base 2
10100
-91 (base 13) to base 14
-86
What is -100 (base 2) in base 5?
-4
Convert -91 (base 12) to base 3.
-11001
Convert 1110 (base 2) to base 6.
22
Convert 2 (base 8) to base 2.
10
-122 (base 12) to base 15
-b5
Convert 1122 (base 3) to base 15.
2e
Convert 136 (base 7) to base 5.
301
Convert 1 (base 8) to base 16.
1
-20120 (base 3) to base 7
-342
Convert 2a (base 12) to base 15.
24
92 (base 16) to base 14
a6
8 (base 10) to base 15
8
What is 6 (base 14) in base 4?
12
What is -262 (base 7) in base 10?
-142
What is -3 (base 13) in base 10?
-3
-146 (base 10) to base 15
-9b
Convert -22 (base 3) to base 7.
-11
What is 11 (base 10) in base 11?
10
What is -197 (base 10) in base 8?
-305
What is -32 (base 7) in base 2?
-10111
Convert -13 (base 12) to base 4.
-33
What is -201 (base 3) in base 14?
-15
3 (base 10) to base 9
3
3 (base 6) to base 3
10
What is 2 (base 9) in base 8?
2
Convert -270 (base 8) to base 5.
-1214
What is 0 (base 12) in base 16?
0
What is 344 (base 9) in base 14?
163
Convert -26 (base 14) to base 12.
-2a
What is a (base 15) in base 9?
11
13 (base 6) to base 7
12
What is 3 (base 13) in base 7?
3
What is -6 (base 7) in base 15?
-6
Convert -18 (base 12) to base 11.
-19
What is -11 (base 2) in base 11?
-3
45 (base 12) to base 14
3b
Convert -67 (base 12) to base 2.
-1001111
12 (base 3) to base 12
5
Convert 3 (base 16) to base 2.
11
What is 510 (base 6) in base 12?
136
What is 8 (base 16) in base 6?
12
2 (base 16) to base 10
2
What is -7 (base 10) in base 8?
-7
Convert 1b (base 13) to base 9.
26
What is 6b (base 16) in base 14?
79
What is 0 (base 14) in base 12?
0
What is -4 (base 6) in base 3?
-11
What is -29 (base 13) in base 12?
-2b
Convert -44 (base 8) to base 15.
-26
What is a (base 16) in base 6?
14
Convert -11 (base 3) to base 11.
-4
-10 (base 13) to base 14
-d
21122 (base 3) to base 13
12b
Convert 34 (base 5) to base 15.
14
Convert 10 (base 15) to base 13.
12
What is -4 (base 8) in base 3?
-11
What is -3b (base 16) in base 6?
-135
Convert 7 (base 9) to base 13.
7
Convert 41 (base 7) to base 3.
1002
0 (base 2) to base 12
0
What is -164 (base 7) in base 2?
-1011111
What is 10120 (base 3) in base 15?
66
What is -11 (base 5) in base 12?
-6
What is 4 (base 16) in base 2?
100
Convert 10 (base 6) to base 2.
110
2a (base 11) to base 6
52
What is 18 (base 10) in base 5?
33
4 (base 15) to base 9
4
-122 (base 6) to base 9
-55
What is -29 (base 10) in base 3?
-1002
Convert 23 (base 16) to base 11.
32
What is -3 (base 16) in base 7?
-3
-6 (base 8) to base 5
-11
Convert -21 (base 3) to base 6.
-11
Convert -24 (base 6) to base 4.
-100
What is 6 (base 16) in base 8?
6
What is -1110101 (base 2) in base 13?
-90
Convert 45 (base 15) to base 13.
50
5 (base 10) to base 16
5
-3 (base 4) to base 6
-3
Convert -4e (base 15) to base 7.
-134
What is 1 (base 5) in base 13?
1
152 (base 16) to base 15
178
23 (base 6) to base 16
f
Convert 36 (base 8) to base 16.
1e
What is -14 (base 10) in base 16?
-e
-3 (base 7) to base 9
-3
What is -1f (base 16) in base 2?
-11111
What is -89 (base 11) in base 15?
-67
72 (base 11) to base 10
79
Convert -10 (base 11) to base 4.
-23
Convert -120 (base 5) to base 10.
-35
Convert 61 (base 13) to base 4.
1033
What is 2 (base 6) in base 5?
2
What is 1a0 (base 11) in base 6?
1023
What is -412 (base 8) in base 11?
-222
-113 (base 4) to base 11
-21
What is -10 (base 7) in base 13?
-7
Convert 33 (base 4) to base 8.
17
What is -27 (base 13) in base 15?
-23
What is 1dc (base 14) in base 6?
1450
-5 (base 14) to base 10
-5
What is 21 (base 3) in base 16?
7
Convert 12 (base 14) to base 13.
13
What is -646 (base 8) in base 16?
-1a6
24 (base 7) to base 10
18
What is 1 (base 2) in base 11?
1
Convert 7 (base 10) to base 11.
7
0 (base 3) to base 12
0
-22 (base 6) to base 4
-32
1 (base 13) to base 8
1
Convert -5 (base 15) to base 12.
-5
Convert -9 (base 15) to base 6.
-13
-37 (base 15) to base 13
-40
Convert -13 (base 8) to base 16.
-b
Convert 82 (base 9) to base 15.
4e
-503 (base 6) to base 11
-157
What is -336 (base 7) in base 13?
-105
Convert 15 (base 7) to base 16.
c
What is -69 (base 14) in base 5?
-333
Convert -154 (base 6) to base 4.
-1012
-130 (base 6) to base 9
-60
21 (base 7) to base 12
13
-120 (base 3) to base 14
-11
250 (base 6) to base 16
66
What is 100 (base 4) in base 13?
13
What is -7 (base 10) in base 9?
-7
-20 (base 6) to base 11
-11
-41 (base 16) to base 12
-55
What is -97 (base 11) in base 13?
-82
What is 41 (base 14) in base 7?
111
Convert -4 (base 14) to base 3.
-11
What is -84 (base 12) in base 8?
-144
Convert 140 (base 9) to base 10.
117
2c (base 13) to base 8
46
What is 1022 (base 3) in base 2?
100011
80 (base 10) to base 13
62
-1 (base 15) to base 4
-1
10 (base 4) to base 10
4
-10 (base 6) to base 16
-6
-94 (base 12) to base 4
-1300
9 (base 14) to base 6
13
What is -b0 (base 16) in base 7?
-341
Convert -2 (base 4) to base 7.
-2
-20 (base 11) to base 16
-16
Convert 7 (base 14) to base 9.
7
Convert -5 (base 15) to base 2.
-101
6 (base 7) to base 15
6
Convert -1 (base 4) to base 13.
-1
Convert 10 (base 3) to base 8.
3
10 (base 10) to base 7
13
277 (base 10) to base 9
337
What is 457 (base 8) in base 16?
12f
48 (base 13) to base 5
220
-5 (base 13) to base 6
-5
2 (base 14) to base 5
2
d (base 15) to base 14
d
Convert 15 (base 9) to base 4.
32
-2 (base 13) to base 10
-2
Convert 99 (base 12) to base 15.
7c
What is 555 (base 7) in base 13?
18c
53 (base 16) to base 9
102
Convert -3 (base 9) to base 16.
-3
-9 (base 16) to base 11
-9
Convert -155 (base 10) to base 9.
-182
56 (base 8) to base 6
114
2101 (base 4) to base 12
101
Convert -311 (base 4) to base 16.
-35
-12 (base 13) to base 10
-15
Convert -110011 (base 2) to base 6.
-123
What is -82 (base 13) in base 2?
-1101010
What is -31 (base 7) in base 14?
-18
Convert -2 (base 14) to base 7.
-2
Convert -103 (base 7) to base 12.
-44
What is 2 (base 10) in base 8?
2
What is 2201 (base 5) in base 15?
151
What is -3 (base 13) in